t y(c) = -5*c**3 - 1 + 14369*c + 4*c**2 + 2*c**3 + 2*c**3 - 14366*c. Calculate y(5).
-11
Let m be (6 + (-8 - -2))/(-1). Let n(c) be the second derivative of 5/6*c**3 - 5*c + m - 1/20*c**5 - 1/2*c**2 - 1/4*c**4. Calculate n(-4).
-5
Let r(x) = -x**3 + 4*x**2 + 3*x + 7. Let u(i) = -5*i - 10. Let v be u(-6). Let k = v + -20. Suppose 9*m - 4*m - 25 = k. What is r(m)?
-3
Suppose 39*w + 46 = -71. Let g(k) = k**2 + 2*k + 6. Give g(w).
9
Let r = -290 - -505. Let f(b) = r - b - 214 - b. Give f(3).
-5
Let j(x) = 2*x + 5. Suppose -140*i = 3*i + 143. Determine j(i).
3
Let i(w) = -6*w**2 + 12*w + 6. Let y(t) = t**2 - 4*t - 2. Let u(v) = -i(v) - 4*y(v). What is u(5)?
72
Let l(m) = 4*m - 3. Let v(y) = -7*y + 8. Let w(p) = -5*l(p) - 3*v(p). Give w(17).
8
Let g(d) = 5*d**3 + 10*d**2 + 5*d. Suppose -78 = 2*s - 15*s. Let w(o) = 11*o**3 + 21*o**2 + 10*o + 1. Let h(n) = s*w(n) - 13*g(n). What is h(4)?
-14
Let v(r) be the first derivative of 1/3*r**3 + r**2 - 1/4*r**4 + 4*r + 6. Let b be 5 + (-3)/(3/2). Determine v(b).
-8
Let s(d) = d - 7. Let m(i) = -4*i + 20. Let z(w) = 2*m(w) + 7*s(w). Let j be 1 - 6 - (4 - 2). Let u = j + 2. Determine z(u).
-4
Let f(h) = 3*h**2 + 7*h - 3. Let v(j) = 5*j**2 + 9*j - 4. Let i(y) = -8*f(y) + 5*v(y). Determine i(8).
-20
Suppose 10*m = 2*m. Suppose m = 9*i + 21 + 15. Let x(w) = -2*w**2 - 7*w - 4. Calculate x(i).
-8
Let q be ((-30)/50)/((-2)/20). Let b(f) = f**2 - f. Let o(a) = 5*a**2 + 2*a - 8. Let v(c) = q*b(c) - o(c). Let u(x) = x + 13. Let w be u(-7). What is v(w)?
-4
Let x = -20 + 17. Let o(a) = a + 4. Let w = -6 - -8. Let g(r) = 5*r + 20. Let d(b) = w*g(b) - 11*o(b). Give d(x).
-1
Let z(b) = -3*b**2 - b - 2 + 2*b - 3*b + b**3. Suppose -p = -s - 1 + 9, -4*p + 5*s - 31 = 0. Let v = p - -12. What is z(v)?
-8
Suppose 0 = 2*h - 15 + 7. Suppose 3*p + r - 23 = -4*r, 4*r = h. Let s(v) = -v**2 + 3*v - 3. Calculate s(p).
-21
Let q(u) = -u**2 + 12*u - 16. Suppose 517*r = 510*r + 56. Determine q(r).
16
Let p(s) = -24*s**2 + 20*s + 16. Let y(x) = 5*x**2 - x. Let z(i) = p(i) + 5*y(i). Calculate z(-12).
-20
Let k = 426 - 420. Let s(c) = c**3 - 7*c**2 + 8*c - 5. Determine s(k).
7
Let m(o) = -8*o**3 + 8*o**2 - 18*o - 24. Let k(y) = -3*y**3 + 2*y**2 - 8*y - 11. Let v(j) = 5*k(j) - 2*m(j). Let p = 14 - 7. What is v(p)?
14
Let h(p) = -7*p + 36. Suppose -5*w - 5*d + 40 = 0, w = -2*w - 2*d + 22. Calculate h(w).
-6
Let s be (-5)/60*-3 - 3/15. Let f(x) be the second derivative of -3*x - 1/2*x**2 + 0 + s*x**5 - 5/12*x**4 + 5/6*x**3. Calculate f(4).
3
Let q(g) = -5*g + 5. Let l(z) = 36*z - 38. Let m(f) = -6*l(f) - 44*q(f). Calculate m(-6).
-16
Let j(g) be the first derivative of -9*g**2/2 + 3*g + 1636. Suppose -u - d = -3, -3*d - 3 = -0*u - 3*u. Calculate j(u).
-15
Let z(n) = -n**2 + 6*n - 4. Let x(w) = 3*w**3 - 2*w**3 + 7*w**2 - 1 + 5*w + 0. Suppose -37*t = -13*t + 144. Let s be x(t). Calculate z(s).
1
Suppose k + 14 = 3*s, 3*s - 10 - 19 = 4*k. Let b(a) be the first derivative of a**3/3 - a**2/2 + a - 436. Calculate b(s).
7
Let b(t) = -7*t + 16. Let v(c) = -16*c + 34. Let g(w) = -7*b(w) + 3*v(w). Calculate g(12).
2
Let s = 394 - 400. Let j(x) = x**3 + 7*x**2 - 4. What is j(s)?
32
Let a(j) = j**3 + 3*j**2 - 7*j - 6. Suppose 15*p + 12 = -48. Determine a(p).
6
Suppose -4*z + 5*b - 14 = 579, 0 = -3*z + 3*b - 444. Let w = z + 266. Let u(d) = -120*d**2 + 8*d - 5 + 1 + w*d**2. Calculate u(6).
8
Let u(p) = -31*p + 37. Let w be u(1). Let h(m) = m**2 - 3*m + 3. What is h(w)?
21
Let o(l) = l**2 + 0*l**2 + 0 + 0 + 2*l. Let b be (-22)/33*(-21)/(-7). Give o(b).
0
Let v = -1 - -1. Let f(w) be the third derivative of w**7/5040 + w**6/144 - 19*w**5/60 + 17*w**2. Let b(z) be the third derivative of f(z). Give b(v).
5
Let l(o) = o**2 + 11*o - 12. Let i = -125 - -129. Suppose i*t + 3*j = -54, j - 34 = 9*t - 6*t. What is l(t)?
0
Let v = -446 + 452. Let p(q) = 4*q**2 - 5*q - 2. Let x(n) = 3*n**2 - 5*n - 2. Let w(c) = 2*p(c) - 3*x(c). Determine w(v).
-4
Let r(y) = 5*y - 3. Let m be r(1). Let k(w) = -7*w**2 + 4*w - 2. What is k(m)?
-22
Let c(t) = -8*t + 4. Let b(g) = 3*g - 1. Let o(d) = -17*b(d) - 6*c(d). Suppose 42*j + 7826 = 8078. Give o(j).
-25
Let z(n) = -3*n**3 + 6 - 23 + 5*n**2 + 2*n + 2*n**3 + 20. Calculate z(6).
-21
Let m(k) = -k + 21. Let n(d) = d**2 + 10. Let o be n(0). Let a be m(o). Let u(f) = -f**3 + 12*f**2 - 10*f - 11. What is u(a)?
0
Let w(u) = -u**2 - u - 3. Let j be w(2). Let s(f) = -f**2 - 11*f. What is s(j)?
18
Suppose 4*s + 3 - 7 = 0. Let a(d) = -4*d + 4. Let p be a(s). Let r(i) = -2*i + 9 + 0*i + i. What is r(p)?
9
Let o(n) = n**2 - 10*n - 12. Let c = 116 - 106. Determine o(c).
-12
Let v(f) = f**2 + 14*f + 13. Let h = -51 + 49. Let m(a) = -a**2 - 13*a - 11. Let t(p) = h*v(p) - 3*m(p). Determine t(-11).
7
Let m(o) = -2*o**2 + 3*o - 1. Suppose 3*j - 9 = -0. Suppose 3*a + j = -v + 4*v, -2*a = -4*v. Let i(l) = -l**2. Let u(k) = v*m(k) + 3*i(k). Determine u(-3).
1
Let f(y) = 23 + 4*y**3 + 46*y**2 + 59*y**2 - 89*y**2 - 15*y - 3*y**3. Calculate f(-17).
-11
Let c(m) = -15*m + 65. Let a be c(4). Let w(x) = x**2 - 2*x - 1. Let z be w(4). Let u(i) = -2*i + 4*i - z - i**2 + 5*i. Determine u(a).
3
Let a(l) = 4*l - 5*l + l**2 - 4*l**2. Let o(g) = g**3 + 9*g**2 - 9*g + 9. Suppose -4*u - 4*n - 20 = 0, 4*u = 5*u + 4*n - 10. Let s be o(u). Determine a(s).
-2
Let a(n) = -n**2 - n - 5. Let o be (18 - 17) + 0 + 0. Let z be (10 + -5)*(0 - o). Determine a(z).
-25
Let l = -146 - -141. Let r(n) = 2*n + 1. Determine r(l).
-9
Let c(k) = 2*k**2 - k + 1. Let o(f) = -f**3 - 6*f**2 - 5*f + 2. Let w be o(-5). What is c(w)?
7
Let w be 3 - 5*12/30. Let v(o) = o**3 - o**2 + o - 2. Calculate v(w).
-1
Let q(z) = -z**3 + z**2 - 8*z - 9. Let o(w) = w**3 - w**2 + 10*w + 10. Let b(x) = -5*o(x) - 6*q(x). Calculate b(-3).
-26
Let x(h) = -64*h**2 + 2*h. Let s be x(-1). Let a = 71 + s. Let i(c) = 6*c**2 - 9*c + 7. Let p(d) = -d**2 + d - 1. Let u(k) = -i(k) - 5*p(k). Give u(a).
-7
Let w = -3 + 4. Let m(i) be the second derivative of 0 - 1/6*i**4 + 1/6*i**3 + 2*i - 1/2*i**2. Give m(w).
-2
Let i(f) = -3*f + 3. Let p be 2 + 1 - (7 + 0). Let o(s) = -4*s + 4. Let r(b) = p*o(b) + 5*i(b). Determine r(-1).
-2
Let w(n) = -4*n**2 + 11*n**2 - 22*n + 18*n + 0*n**2 + 3 - n**3. Determine w(6).
15
Let i(u) = -5*u**3 - u**2 - 2*u + 4. Let b(f) = -4*f**3 - 2*f**2 - 2*f + 2. Let p(s) = -4*b(s) + 3*i(s). Let n = -1 - 3. Give p(n).
12
Let u(b) be the first derivative of -b**2/2 - 23*b + 8. Let c(f) = -2*f - 35. Let l(i) = -5*c(i) + 8*u(i). Give l(7).
5
Let s(u) = -3*u**3 + 5*u**2 - 9. Let o(m) = -2*m**3 + 3*m**2 - 5. Let h(j) = -5*o(j) + 3*s(j). Let r be (-1)/(-4) + (-56)/(-32). Give h(r).
6
Let d(k) = -2*k + 4. Let x(o) = -7*o + 37. Let t be x(6). Calculate d(t).
14
Suppose 4*s - 3*b - 352 = 0, -5*b + 235 = s + 2*s. Let o = -91 + s. Let l(j) = j**2 + 8*j. Calculate l(o).
-12
Let a = 132 - 128. Let d(v) = 3*v - 1. Let w(c) = -c. Let j(r) = -d(r) - w(r). Determine j(a).
-7
Let r(b) = -b**3 + 5*b**2 - 5*b - 2. Let g = 2627 + -2623. Give r(g).
-6
Let b(t) be the first derivative of t**4/4 - t**3 - 2*t**2 + 5*t - 605. Suppose 2*c - 3 - 5 = 0. Suppose 5*y + 5*g + 4 = y, c*g + 24 = 2*y. Determine b(y).
5
Let a(t) = -2*t**3 + 2*t**2 + 2*t - 1. Let f = -479 + 481. Calculate a(f).
-5
Let n(z) = 13*z**3 + z**2 - 2*z + 1. Let c be ((-30)/(-40))/(1/76). Let o = -56 + c. Determine n(o).
13
Let k = -128 + 134. Let n(f) = -f**3 + 7*f**2 - 8*f + 6. Give n(k).
-6
Let h(i) = 5*i**3 - i. Suppose 0 = -5*r + 2*v - 10, 0*r + 3*v + 10 = -5*r. Let u be (6/12)/(r/(-4)). Calculate h(u).
4
Let s(n) = -9*n**2 + n - 1. Let i(p) = p - 13. Let u be i(12). Let x be ((-2)/u)/(-4 - -6). What is s(x)?
-9
Let o be (-9)/6*5/((-15)/(-22)). Let y(g) = 5*g + 15. Calculate y(o).
-40
Let p be 6*3/(-6)*4/(-6). Suppose -3*j + 3*i = p*j + 9, 4*i + 14 = -2*j. Let f(m) = 5*m + 3. What is f(j)?
-12
Let s(v) = v - 6. Let d = -25 + 39. Let k be d/35 + 8/5. Suppose -k = j + 3. Give s(j).
-11
Let s(m) = -m**2 + m + 1. Suppose 5*y - 21 = 2*y. Let t = y + -9. Let u be (4 + -3)*(-6)/t. Determine s(u).
-5
Suppose -22*q = 10*q + 448. Let g(n) = -n**3 - 15*n**2 - 12*n + 22. Determine g(q).
-6
Suppose -4*c = -w + 3, -2*c - 69*w + 12 = -65*w. Let t(r) = r**2 - 2*r + 18. What is t(c)?
18
Let f(j) = -j**2 + 9*j - 7. Let r be f(7). Let b(d) = 2*d + 2*d + 8 - 6*d + d. Let o be b